{"id":17,"date":"2012-10-02T15:49:59","date_gmt":"2012-10-02T13:49:59","guid":{"rendered":"http:\/\/fg-ius.unibas.ch\/wordpress\/?page_id=17"},"modified":"2025-10-15T10:15:40","modified_gmt":"2025-10-15T09:15:40","slug":"kontakt","status":"publish","type":"page","link":"https:\/\/fg-ius.unibas.ch\/wordpress\/kontakt\/","title":{"rendered":"Kontakt"},"content":{"rendered":"\n<p>Hast du Fragen oder ein Anliegen? Dann schreibe uns gerne eine Mail an:<strong> <a href=\"mailto:fg-ius@unibas.ch\">fg-ius@unibas.ch<\/a><\/strong><\/p>\n\n\n\n<p>Auf Anfrage nehmen wir uns gerne Zeit f\u00fcr ein pers\u00f6nliches Gespr\u00e4ch. <\/p>\n","protected":false},"excerpt":{"rendered":"<p>Hast du Fragen oder ein Anliegen? Dann schreibe uns gerne eine Mail an: fg-ius@unibas.ch Auf Anfrage nehmen wir uns gerne Zeit f\u00fcr ein pers\u00f6nliches Gespr\u00e4ch.<\/p>\n","protected":false},"author":1,"featured_media":0,"parent":0,"menu_order":6,"comment_status":"closed","ping_status":"open","template":"","meta":{"footnotes":""},"class_list":["post-17","page","type-page","status-publish","hentry"],"_links":{"self":[{"href":"https:\/\/fg-ius.unibas.ch\/wordpress\/wp-json\/wp\/v2\/pages\/17"}],"collection":[{"href":"https:\/\/fg-ius.unibas.ch\/wordpress\/wp-json\/wp\/v2\/pages"}],"about":[{"href":"https:\/\/fg-ius.unibas.ch\/wordpress\/wp-json\/wp\/v2\/types\/page"}],"author":[{"embeddable":true,"href":"https:\/\/fg-ius.unibas.ch\/wordpress\/wp-json\/wp\/v2\/users\/1"}],"replies":[{"embeddable":true,"href":"https:\/\/fg-ius.unibas.ch\/wordpress\/wp-json\/wp\/v2\/comments?post=17"}],"version-history":[{"count":30,"href":"https:\/\/fg-ius.unibas.ch\/wordpress\/wp-json\/wp\/v2\/pages\/17\/revisions"}],"predecessor-version":[{"id":1931,"href":"https:\/\/fg-ius.unibas.ch\/wordpress\/wp-json\/wp\/v2\/pages\/17\/revisions\/1931"}],"wp:attachment":[{"href":"https:\/\/fg-ius.unibas.ch\/wordpress\/wp-json\/wp\/v2\/media?parent=17"}],"curies":[{"name":"wp","href":"https:\/\/api.w.org\/{rel}","templated":true}]}}