{"id":40,"date":"2012-10-02T16:18:52","date_gmt":"2012-10-02T14:18:52","guid":{"rendered":"http:\/\/fg-ius.unibas.ch\/wordpress\/?page_id=40"},"modified":"2026-01-15T15:11:54","modified_gmt":"2026-01-15T14:11:54","slug":"news","status":"publish","type":"page","link":"https:\/\/fg-ius.unibas.ch\/wordpress\/news\/","title":{"rendered":"Dein Engagement"},"content":{"rendered":"\n<p>M\u00f6chtest du den Studierenden an der Universit\u00e4t eine Stimme geben, coole Events organisieren, mit Kanzleien networken und ein offenes Ohr f\u00fcr alle Studierenden haben? <\/p>\n\n\n\n<p>Dann w\u00e4re die Vorstandsarbeit in der Fachgruppe Ius genau das Richtige f\u00fcr dich \u2013 egal, ob du schon im Master bist oder gerade erst mit deinem Bachelorstudium angefangen hast! Als Vorstand haben wir diverse Aufgaben an der Fakult\u00e4t, k\u00f6nnen selbstst\u00e4ndig tolle Veranstaltungen planen und sind als Sprachrohr f\u00fcr alle Anliegen der Ius-Studierenden nicht wegzudenken. Wenn du mehr dar\u00fcber erfahren m\u00f6chtest wie wir aufgebaut sind und welche Ressorts es innerhalb des Vorstands gibt, dann klicke <a href=\"https:\/\/fg-ius.unibas.ch\/wordpress\/?page_id=862\" data-type=\"page\" data-id=\"862\">hier<\/a>. <\/p>\n\n\n\n<p>Neben diesen abwechslungsreichen, spannenden und erf\u00fcllenden Aufgaben gibt es aber weitere tolle Vorteile, wenn du Teil des Vorstandes bist: <\/p>\n\n\n\n<h2 class=\"wp-block-heading\">Kreditpunkte<\/h2>\n\n\n\n<p>Du kannst dir pro 30 Stunden Arbeit, die durch dein Mitwirken im Vorstand entstehen, 1 Kreditpunkt anrechnen lassen, der zu den ausserfakult\u00e4ren Kreditpunkten z\u00e4hlt. Schluss mit noch mehr Vorlesungen und Lernen und Los mit der erlebnisreichen Zeit im Vorstand der FG Ius! <\/p>\n\n\n\n<h2 class=\"wp-block-heading\">Zeugnis<\/h2>\n\n\n\n<p>Wenn du Teil des Vorstandes warst, bekommst du am Ende deiner Zeit ein Zeugnis vom Pr\u00e4sidium des Vorstandes der FG ausgestellt, sodass du dich bei deinem zuk\u00fcnftigen Arbeitgeber hervorheben kannst und welches zeigt, dass du dich engagierst.<\/p>\n\n\n\n<h2 class=\"wp-block-heading\">Interne Events<\/h2>\n\n\n\n<p>Einmal j\u00e4hrlich veranstalten wir ein internes Teamevent, um unseren Teamgeist zu st\u00e4rken: ob es nun wilde Fahrten im Europapark, Ausbrechversuche aus dem Escape Room oder Klettereien im Kletterpark waren \u2013 wir hatten immer unseren Spass! Auch das allj\u00e4hrliche Weihnachtsessen schafft jedes Mal eine tolle Erinnerung und volle B\u00e4uche.<\/p>\n\n\n\n<h2 class=\"wp-block-heading\">Networking<\/h2>\n\n\n\n<p>Last but not least: du lernst so viele tolle Menschen kennen! Deine Vorstandskolleg:innen aus verschiedenen Semestern, Professor:innen, Studierende, Mitarbeitende der Fakult\u00e4t, Studieninteressierte, Partner und Mitarbeitende von Kanzleien, Veranstalter und und und\u2026 man kn\u00fcpft Kontakte und vor allem Freundschaften f\u00fcrs Leben!<\/p>\n\n\n\n<p>Du hast die Zeit und die Lust dieses Engagement aufzubringen und bist neugierig geworden? Dann melde dich doch mit einem kurzen Motivationsschreiben bei uns. Wenn du zum Vorstand passt, dann freuen wir uns darauf dich bei einem anschliessenden pers\u00f6nlichen Gespr\u00e4ch kennenzulernen!<\/p>\n","protected":false},"excerpt":{"rendered":"<p>M\u00f6chtest du den Studierenden an der Universit\u00e4t eine Stimme geben, coole Events organisieren, mit Kanzleien networken und ein offenes Ohr f\u00fcr alle Studierenden haben? Dann w\u00e4re die Vorstandsarbeit in der Fachgruppe Ius genau das Richtige f\u00fcr dich \u2013 egal, ob du schon im Master bist oder gerade erst mit deinem Bachelorstudium angefangen hast! Als Vorstand&#8230;<\/p>\n","protected":false},"author":1,"featured_media":0,"parent":0,"menu_order":1,"comment_status":"closed","ping_status":"open","template":"","meta":{"footnotes":""},"class_list":["post-40","page","type-page","status-publish","hentry"],"_links":{"self":[{"href":"https:\/\/fg-ius.unibas.ch\/wordpress\/wp-json\/wp\/v2\/pages\/40"}],"collection":[{"href":"https:\/\/fg-ius.unibas.ch\/wordpress\/wp-json\/wp\/v2\/pages"}],"about":[{"href":"https:\/\/fg-ius.unibas.ch\/wordpress\/wp-json\/wp\/v2\/types\/page"}],"author":[{"embeddable":true,"href":"https:\/\/fg-ius.unibas.ch\/wordpress\/wp-json\/wp\/v2\/users\/1"}],"replies":[{"embeddable":true,"href":"https:\/\/fg-ius.unibas.ch\/wordpress\/wp-json\/wp\/v2\/comments?post=40"}],"version-history":[{"count":21,"href":"https:\/\/fg-ius.unibas.ch\/wordpress\/wp-json\/wp\/v2\/pages\/40\/revisions"}],"predecessor-version":[{"id":2040,"href":"https:\/\/fg-ius.unibas.ch\/wordpress\/wp-json\/wp\/v2\/pages\/40\/revisions\/2040"}],"wp:attachment":[{"href":"https:\/\/fg-ius.unibas.ch\/wordpress\/wp-json\/wp\/v2\/media?parent=40"}],"curies":[{"name":"wp","href":"https:\/\/api.w.org\/{rel}","templated":true}]}}

<p>Möchtest du den Studierenden an der Universität eine Stimme geben, coole Events organisieren, mit Kanzleien networken und ein offenes Ohr für alle Studierenden haben? </p>



<p>Dann wäre die Vorstandsarbeit in der Fachgruppe Ius genau das Richtige für dich – egal, ob du schon im Master bist oder gerade erst mit deinem Bachelorstudium angefangen hast! Als Vorstand haben wir diverse Aufgaben an der Fakultät, können selbstständig tolle Veranstaltungen planen und sind als Sprachrohr für alle Anliegen der Ius-Studierenden nicht wegzudenken. Wenn du mehr darüber erfahren möchtest wie wir aufgebaut sind und welche Ressorts es innerhalb des Vorstands gibt, dann klicke <a href="https://fg-ius.unibas.ch/wordpress/?page_id=862" data-type="page" data-id="862">hier</a>. </p>



<p>Neben diesen abwechslungsreichen, spannenden und erfüllenden Aufgaben gibt es aber weitere tolle Vorteile, wenn du Teil des Vorstandes bist: </p>



<h2 class="wp-block-heading">Kreditpunkte</h2>



<p>Du kannst dir pro 30 Stunden Arbeit, die durch dein Mitwirken im Vorstand entstehen, 1 Kreditpunkt anrechnen lassen, der zu den ausserfakultären Kreditpunkten zählt. Schluss mit noch mehr Vorlesungen und Lernen und Los mit der erlebnisreichen Zeit im Vorstand der FG Ius! </p>



<h2 class="wp-block-heading">Zeugnis</h2>



<p>Wenn du Teil des Vorstandes warst, bekommst du am Ende deiner Zeit ein Zeugnis vom Präsidium des Vorstandes der FG ausgestellt, sodass du dich bei deinem zukünftigen Arbeitgeber hervorheben kannst und welches zeigt, dass du dich engagierst.</p>



<h2 class="wp-block-heading">Interne Events</h2>



<p>Einmal jährlich veranstalten wir ein internes Teamevent, um unseren Teamgeist zu stärken: ob es nun wilde Fahrten im Europapark, Ausbrechversuche aus dem Escape Room oder Klettereien im Kletterpark waren – wir hatten immer unseren Spass! Auch das alljährliche Weihnachtsessen schafft jedes Mal eine tolle Erinnerung und volle Bäuche.</p>



<h2 class="wp-block-heading">Networking</h2>



<p>Last but not least: du lernst so viele tolle Menschen kennen! Deine Vorstandskolleg:innen aus verschiedenen Semestern, Professor:innen, Studierende, Mitarbeitende der Fakultät, Studieninteressierte, Partner und Mitarbeitende von Kanzleien, Veranstalter und und und… man knüpft Kontakte und vor allem Freundschaften fürs Leben!</p>



<p>Du hast die Zeit und die Lust dieses Engagement aufzubringen und bist neugierig geworden? Dann melde dich doch mit einem kurzen Motivationsschreiben bei uns. Wenn du zum Vorstand passt, dann freuen wir uns darauf dich bei einem anschliessenden persönlichen Gespräch kennenzulernen!</p>

<p>Möchtest du den Studierenden an der Universität eine Stimme geben, coole Events organisieren, mit Kanzleien networken und ein offenes Ohr für alle Studierenden haben? Dann wäre die Vorstandsarbeit in der Fachgruppe Ius genau das Richtige für dich – egal, ob du schon im Master bist oder gerade erst mit deinem Bachelorstudium angefangen hast! Als Vorstand&#8230;</p>
