{"id":53,"date":"2012-10-02T16:21:38","date_gmt":"2012-10-02T14:21:38","guid":{"rendered":"http:\/\/fg-ius.unibas.ch\/wordpress\/?page_id=53"},"modified":"2026-02-25T15:52:45","modified_gmt":"2026-02-25T14:52:45","slug":"struktur-der-fg","status":"publish","type":"page","link":"https:\/\/fg-ius.unibas.ch\/wordpress\/struktur-der-fg\/","title":{"rendered":"Organisation"},"content":{"rendered":"\n<h2 class=\"wp-block-heading\">Aufbau<\/h2>\n\n\n\n<p>Die Fachgruppe Ius, kurz FG Ius, ist eine \u00f6ffentlich-rechtliche K\u00f6rperschaft. Grunds\u00e4tzlich ist sie die Vertretung aller Ius-Studierenden an der Universit\u00e4t Basel. Alle immatrikulierten Studierenden der Juristischen Fakult\u00e4t sind automatisch Passivmitglieder. Um die Eingliederung und Mitwirkung innerhalb der Universit\u00e4t Basel zu veranschaulichen, haben wir die Organisation und den Aufbau der FG dargestellt:<\/p>\n\n\n\n<figure class=\"wp-block-image size-large\"><img loading=\"lazy\" decoding=\"async\" width=\"1024\" height=\"576\" src=\"https:\/\/fg-ius.unibas.ch\/wordpress\/wp-content\/uploads\/FG-Organigramm_merged-1024x576.png\" alt=\"\" class=\"wp-image-2026\" srcset=\"https:\/\/fg-ius.unibas.ch\/wordpress\/wp-content\/uploads\/FG-Organigramm_merged-1024x576.png 1024w, https:\/\/fg-ius.unibas.ch\/wordpress\/wp-content\/uploads\/FG-Organigramm_merged-300x169.png 300w, https:\/\/fg-ius.unibas.ch\/wordpress\/wp-content\/uploads\/FG-Organigramm_merged-768x432.png 768w, https:\/\/fg-ius.unibas.ch\/wordpress\/wp-content\/uploads\/FG-Organigramm_merged-1536x864.png 1536w, https:\/\/fg-ius.unibas.ch\/wordpress\/wp-content\/uploads\/FG-Organigramm_merged.png 1920w\" sizes=\"(max-width: 1024px) 100vw, 1024px\" \/><\/figure>\n\n\n\n<h2 class=\"wp-block-heading\">Fachgruppe Ius<\/h2>\n\n\n\n<p>Wenn von der FG Ius die Rede ist, sind in der Regel jedoch nur der Vorstand bzw. die Aktivmitglieder gemeint. Diese aktiven Mitglieder werden j\u00e4hrlich an einer Generalversammlung gew\u00e4hlt um die Ius-Studierenden der Juristischen Fakult\u00e4t zu vertreten. Der Vorstand besteht aus einem Pr\u00e4sidium und weiteren Ressorts und wirkt als Vermittlungsstelle zwischen&nbsp;den Studierenden und den Professor:innen, dem Dekanat, sowie der Universit\u00e4tsleitung. Das Pr\u00e4sidium und die Ressorts \u00fcbernehmen verschiedene Aufgaben. Hier einen kleinen Einblick:<\/p>\n\n\n\n<h2 class=\"wp-block-heading\">Pr\u00e4sidium<\/h2>\n\n\n\n<p>Das Pr\u00e4sidium besteht aus der\/dem Pr\u00e4sident:in und der\/dem Vizepr\u00e4sident:in. Es leitet den Vorstand, organisiert die Vorstandssitzungen sowie die j\u00e4hrliche Generalversammlung und ist eine wichtige Kontaktstelle f\u00fcr Studierende. Neben der Bearbeitung interner und externer Anliegen sorgt das Pr\u00e4sidium insbesondere zum Semesterstart f\u00fcr einen reibungslosen Ablauf und heisst die Erstsemestrigen willkommen, indem es ihnen die FG Ius kurz vorstellt. Dar\u00fcber hinaus beh\u00e4lt es den \u00dcberblick \u00fcber die Arbeit der Ressorts, setzt laufend Verbesserungen f\u00fcr die FG Ius um, f\u00fchrt Bewerbungsgespr\u00e4che, beantragt Kreditpunkte (ECTS) f\u00fcr die Vorstandsmitglieder:innen und stellt auf Wunsch Arbeitszeugnisse aus.<\/p>\n\n\n\n<h2 class=\"wp-block-heading\">Ressort Sponsoring<\/h2>\n\n\n\n<p>Dieses Ressort pflegt die Beziehungen zu unseren <a href=\"https:\/\/fg-ius.unibas.ch\/wordpress\/?page_id=1091\" data-type=\"page\" data-id=\"1091\">Sponsor:innen <\/a>und organisiert gemeinsam mit ihnen Anl\u00e4sse wie Workshops, Pr\u00e4sentationen und Ap\u00e9ros. So entsteht ein direkter Austausch zwischen Studierenden und Sponsor:innen, der spannende M\u00f6glichkeiten er\u00f6ffnet. Auch die Organisation unserer beliebten Goodie-Bags, die jedes Jahr an die Erstsemestrigen verteilt werden, l\u00e4uft \u00fcber dieses Ressort.<\/p>\n\n\n\n<h2 class=\"wp-block-heading\">Ressort Studierendenvertretung<\/h2>\n\n\n\n<p>Auch wenn die FG Ius als Ganzes die Studierenden vertritt, hat dieses Ressort eine besondere Rolle: Es nimmt Einsitz in der <a href=\"https:\/\/ius.unibas.ch\/de\/ueber-uns\/organisation\/curriculums-und-pruefungskomission\/)\" data-type=\"link\" data-id=\"https:\/\/ius.unibas.ch\/de\/ueber-uns\/organisation\/curriculums-und-pruefungskomission\/)\">Curriculums- und Pr\u00fcfungskommission<\/a> (CPK) der Juristischen Fakult\u00e4t Basel und sorgt daf\u00fcr, dass die Anliegen der Studierenden geh\u00f6rt werden. Zudem beh\u00e4lt dieses Ressorts den \u00dcberblick \u00fcber die Verteilung der Sitze der Gruppierung V (Bachelor- und Masterstudierende) in jeglichen weiteren Kommissionen.<\/p>\n\n\n\n<h2 class=\"wp-block-heading\">Ressort Social Media &amp; Veranstaltungen<\/h2>\n\n\n\n<p>Dieses Ressort ist auf unseren Network-Plattformen (<a href=\"https:\/\/www.instagram.com\/fg_ius_unibas\/\" data-type=\"link\" data-id=\"https:\/\/www.instagram.com\/fg_ius_unibas\/\">Instagram<\/a>, <a href=\"https:\/\/www.linkedin.com\/company\/fachgruppe-ius-der-universit%C3%A4t-basel\/about\/\" data-type=\"link\" data-id=\"https:\/\/www.linkedin.com\/company\/fachgruppe-ius-der-universit%C3%A4t-basel\/about\/\">LinkedIn<\/a>) aktiv und gestaltet hin und wieder Posts, um unsere Online-Pr\u00e4senz aufrechtzuerhalten. Die Veranstaltungen sind nicht mit jenen des Ressorts Sponsoring zu verwechseln: Das Ressort Social Media &amp; Veranstaltungen stellt das j\u00e4hrliche FAQ-Event auf die Beine, organisiert hin und wieder Coffee-Talks, um sich mit den Studierenden auszutauschen und ist die Anlaufstelle f\u00fcr den Freshmen-Day in den Merian-G\u00e4rten.<\/p>\n\n\n\n<h2 class=\"wp-block-heading\">Ressort Publications<\/h2>\n\n\n\n<p>Das Ressort Publications ist f\u00fcr die redaktionellen Beitr\u00e4ge der FG Ius verantwortlich. Dazu nutzt es unter anderem die M\u00f6glichkeit, sich im <a href=\"https:\/\/ius.unibas.ch\/de\/iusinhouse\/)\" data-type=\"link\" data-id=\"https:\/\/ius.unibas.ch\/de\/iusinhouse\/)\">ius inhouse<\/a> auf einer Doppelseite zu fakult\u00e4tsrelevanten Themen zu \u00e4ussern. Zudem h\u00e4lt es die Mitarbeitenden der Juristischen Fakult\u00e4t \u00fcber den fakult\u00e4tsinternen Newsletter auf dem Laufenden.<\/p>\n\n\n\n<h2 class=\"wp-block-heading\">Ressort Finanzen<\/h2>\n\n\n\n<p>Das Ressort Finanzen \u00fcbernimmt alle finanziellen Angelegenheiten der FG Ius. Dazu geh\u00f6ren die Buchhaltung, das Erstellen und Bezahlen von Rechnungen sowie die laufende Pflege der Jahresrechnungen \u2013 sowohl intern als auch extern.<\/p>\n\n\n\n<h2 class=\"wp-block-heading\">Als Team<\/h2>\n\n\n\n<p>Auch wenn die FG Ius in verschiedene Ressorts aufgeteilt ist, arbeiten wir im <a href=\"https:\/\/fg-ius.unibas.ch\/wordpress\/?page_id=862\" data-type=\"page\" data-id=\"862\">Vorstand<\/a> stets als Team zusammen. So ist das Pr\u00e4sidium zwar bei den von der skuba organisierten FG Treffen anwesend und vertritt dort die Interessen der Studierenden nach aussen, wir achten aber darauf, dass der gesamte Vorstand bei wichtigen Anl\u00e4ssen pr\u00e4sent ist. Besonders beim allj\u00e4hrlichen Semesterap\u00e9ro stemmen wir die Organisation gemeinsam als Team. M\u00f6chtest du dich engagieren? Dann findest du <a href=\"https:\/\/fg-ius.unibas.ch\/wordpress\/?page_id=40\" data-type=\"page\" data-id=\"40\">hier<\/a> alle Infos.<\/p>\n\n\n\n<h2 class=\"wp-block-heading\">Studierendenvertretung in Gremien<\/h2>\n\n\n\n<p>Die folgenden Gremien geh\u00f6ren nicht zur internen Struktur der FG, sondern sind Teil der <a href=\"https:\/\/ius.unibas.ch\/de\/ueber-uns\/organisation\" data-type=\"link\" data-id=\"https:\/\/ius.unibas.ch\/de\/ueber-uns\/organisation\">Organisation der Fakult\u00e4t<\/a>. F\u00fcr Studierende sind diese Gremien interessant, da sie dort die M\u00f6glichkeit haben, mitzuwirken.<\/p>\n\n\n\n<h2 class=\"wp-block-heading\">Kommissionen<\/h2>\n\n\n\n<p>An der Juristischen Fakult\u00e4t gibt es zahlreiche fakult\u00e4tsinterne Kommissionen, in die Studierende der Juristischen Fakult\u00e4t Einsitz nehmen k\u00f6nnen. Darunter sind die st\u00e4ndigen Kommissionen (wie die CPK) und die ad-hoc Kommissionen \u2013 die zur Bearbeitung von konkreten Projekten ins Leben gerufen werden, z.B. zur Neubesetzung einer Ordinariatsstelle \u2013 zu unterscheiden. Die FG Ius hat es sich zur Aufgabe gemacht, die Pl\u00e4tze der Studierenden in diesen Kommissionen zu besetzen.<\/p>\n\n\n\n<h2 class=\"wp-block-heading\">Fakult\u00e4tsversammlung<\/h2>\n\n\n\n<p>Die Fakult\u00e4tsversammlung ist sozusagen das Parlament der Juristischen Fakult\u00e4t, also das oberste Organ. Hier werden alle wichtigen Entscheide getroffen. Beispielsweise verf\u00fcgt sie \u00fcber Budgethoheit und entscheidet \u00fcber die fachliche Entwicklung der Fakult\u00e4t. Auch hier d\u00fcrfen die Studierenden (Gruppierung V) Einsitz haben: Uns stehen insgesamt vier Pl\u00e4tze zur Verf\u00fcgung.<\/p>\n\n\n\n<h2 class=\"wp-block-heading\">Fakult\u00e4tsausschuss<\/h2>\n\n\n\n<p>Im Fakult\u00e4tsausschuss werden die Gesch\u00e4fte der Fakult\u00e4tsversammlung vorberaten. Teilweise werden auch bereits Entscheidungen gef\u00e4llt. Im Fakult\u00e4tsausschuss d\u00fcrfen wir einen Platz besetzen, dies \u00fcbernimmt grunds\u00e4tzlich das Pr\u00e4sidium.<\/p>\n\n\n\n<h2 class=\"wp-block-heading\">Fachbereichsversammlungen<\/h2>\n\n\n\n<p>Die Fachbereiche gliedern sich in \u00f6ffentliches Recht, Privatrecht und Strafrecht und auch hier finden f\u00fcr jeden Bereich entsprechende Fachbereichsversammlungen statt. Darin befinden die jeweiligen Professorinnen und Professoren, Dozierende und Studierende, \u00fcber die Verteilung der Lehrauftr\u00e4ge \u2013 kurz: Es wird besprochen, wer welche Lehrveranstaltung \u00fcbernimmt. Daneben werden auch aktuelle Themen besprochen, die mit dem jeweiligen Fachbereich in Beziehung stehen. Die Sitzungen finden einmal im Semester statt.<\/p>\n\n\n\n<p>M\u00f6chtest du in der Fakult\u00e4tsversammlung oder einer der Fachbereichsversammlungen mitwirken? Voraussetzung ist nur ein Studium an der Juristischen Fakult\u00e4t der Uni Basel \u2013 eine T\u00e4tigkeit im Vorstand ist daf\u00fcr nicht erforderlich. Wir freuen uns auf deine <a href=\"https:\/\/fg-ius.unibas.ch\/wordpress\/?page_id=17\" data-type=\"page\" data-id=\"17\">Kontaktaufnahme<\/a>!<\/p>\n","protected":false},"excerpt":{"rendered":"<p>Aufbau Die Fachgruppe Ius, kurz FG Ius, ist eine \u00f6ffentlich-rechtliche K\u00f6rperschaft. Grunds\u00e4tzlich ist sie die Vertretung aller Ius-Studierenden an der Universit\u00e4t Basel. Alle immatrikulierten Studierenden der Juristischen Fakult\u00e4t sind automatisch Passivmitglieder. Um die Eingliederung und Mitwirkung innerhalb der Universit\u00e4t Basel zu veranschaulichen, haben wir die Organisation und den Aufbau der FG dargestellt: Fachgruppe Ius Wenn&#8230;<\/p>\n","protected":false},"author":1,"featured_media":0,"parent":0,"menu_order":3,"comment_status":"closed","ping_status":"open","template":"","meta":{"footnotes":""},"class_list":["post-53","page","type-page","status-publish","hentry"],"_links":{"self":[{"href":"https:\/\/fg-ius.unibas.ch\/wordpress\/wp-json\/wp\/v2\/pages\/53"}],"collection":[{"href":"https:\/\/fg-ius.unibas.ch\/wordpress\/wp-json\/wp\/v2\/pages"}],"about":[{"href":"https:\/\/fg-ius.unibas.ch\/wordpress\/wp-json\/wp\/v2\/types\/page"}],"author":[{"embeddable":true,"href":"https:\/\/fg-ius.unibas.ch\/wordpress\/wp-json\/wp\/v2\/users\/1"}],"replies":[{"embeddable":true,"href":"https:\/\/fg-ius.unibas.ch\/wordpress\/wp-json\/wp\/v2\/comments?post=53"}],"version-history":[{"count":52,"href":"https:\/\/fg-ius.unibas.ch\/wordpress\/wp-json\/wp\/v2\/pages\/53\/revisions"}],"predecessor-version":[{"id":2057,"href":"https:\/\/fg-ius.unibas.ch\/wordpress\/wp-json\/wp\/v2\/pages\/53\/revisions\/2057"}],"wp:attachment":[{"href":"https:\/\/fg-ius.unibas.ch\/wordpress\/wp-json\/wp\/v2\/media?parent=53"}],"curies":[{"name":"wp","href":"https:\/\/api.w.org\/{rel}","templated":true}]}}

<h2 class="wp-block-heading">Aufbau</h2>



<p>Die Fachgruppe Ius, kurz FG Ius, ist eine öffentlich-rechtliche Körperschaft. Grundsätzlich ist sie die Vertretung aller Ius-Studierenden an der Universität Basel. Alle immatrikulierten Studierenden der Juristischen Fakultät sind automatisch Passivmitglieder. Um die Eingliederung und Mitwirkung innerhalb der Universität Basel zu veranschaulichen, haben wir die Organisation und den Aufbau der FG dargestellt:</p>



<figure class="wp-block-image size-large"><img loading="lazy" decoding="async" width="1024" height="576" src="https://fg-ius.unibas.ch/wordpress/wp-content/uploads/FG-Organigramm_merged-1024x576.png" alt="" class="wp-image-2026" srcset="https://fg-ius.unibas.ch/wordpress/wp-content/uploads/FG-Organigramm_merged-1024x576.png 1024w, https://fg-ius.unibas.ch/wordpress/wp-content/uploads/FG-Organigramm_merged-300x169.png 300w, https://fg-ius.unibas.ch/wordpress/wp-content/uploads/FG-Organigramm_merged-768x432.png 768w, https://fg-ius.unibas.ch/wordpress/wp-content/uploads/FG-Organigramm_merged-1536x864.png 1536w, https://fg-ius.unibas.ch/wordpress/wp-content/uploads/FG-Organigramm_merged.png 1920w" sizes="(max-width: 1024px) 100vw, 1024px" /></figure>



<h2 class="wp-block-heading">Fachgruppe Ius</h2>



<p>Wenn von der FG Ius die Rede ist, sind in der Regel jedoch nur der Vorstand bzw. die Aktivmitglieder gemeint. Diese aktiven Mitglieder werden jährlich an einer Generalversammlung gewählt um die Ius-Studierenden der Juristischen Fakultät zu vertreten. Der Vorstand besteht aus einem Präsidium und weiteren Ressorts und wirkt als Vermittlungsstelle zwischen&nbsp;den Studierenden und den Professor:innen, dem Dekanat, sowie der Universitätsleitung. Das Präsidium und die Ressorts übernehmen verschiedene Aufgaben. Hier einen kleinen Einblick:</p>



<h2 class="wp-block-heading">Präsidium</h2>



<p>Das Präsidium besteht aus der/dem Präsident:in und der/dem Vizepräsident:in. Es leitet den Vorstand, organisiert die Vorstandssitzungen sowie die jährliche Generalversammlung und ist eine wichtige Kontaktstelle für Studierende. Neben der Bearbeitung interner und externer Anliegen sorgt das Präsidium insbesondere zum Semesterstart für einen reibungslosen Ablauf und heisst die Erstsemestrigen willkommen, indem es ihnen die FG Ius kurz vorstellt. Darüber hinaus behält es den Überblick über die Arbeit der Ressorts, setzt laufend Verbesserungen für die FG Ius um, führt Bewerbungsgespräche, beantragt Kreditpunkte (ECTS) für die Vorstandsmitglieder:innen und stellt auf Wunsch Arbeitszeugnisse aus.</p>



<h2 class="wp-block-heading">Ressort Sponsoring</h2>



<p>Dieses Ressort pflegt die Beziehungen zu unseren <a href="https://fg-ius.unibas.ch/wordpress/?page_id=1091" data-type="page" data-id="1091">Sponsor:innen </a>und organisiert gemeinsam mit ihnen Anlässe wie Workshops, Präsentationen und Apéros. So entsteht ein direkter Austausch zwischen Studierenden und Sponsor:innen, der spannende Möglichkeiten eröffnet. Auch die Organisation unserer beliebten Goodie-Bags, die jedes Jahr an die Erstsemestrigen verteilt werden, läuft über dieses Ressort.</p>



<h2 class="wp-block-heading">Ressort Studierendenvertretung</h2>



<p>Auch wenn die FG Ius als Ganzes die Studierenden vertritt, hat dieses Ressort eine besondere Rolle: Es nimmt Einsitz in der <a href="https://ius.unibas.ch/de/ueber-uns/organisation/curriculums-und-pruefungskomission/)" data-type="link" data-id="https://ius.unibas.ch/de/ueber-uns/organisation/curriculums-und-pruefungskomission/)">Curriculums- und Prüfungskommission</a> (CPK) der Juristischen Fakultät Basel und sorgt dafür, dass die Anliegen der Studierenden gehört werden. Zudem behält dieses Ressorts den Überblick über die Verteilung der Sitze der Gruppierung V (Bachelor- und Masterstudierende) in jeglichen weiteren Kommissionen.</p>



<h2 class="wp-block-heading">Ressort Social Media &amp; Veranstaltungen</h2>



<p>Dieses Ressort ist auf unseren Network-Plattformen (<a href="https://www.instagram.com/fg_ius_unibas/" data-type="link" data-id="https://www.instagram.com/fg_ius_unibas/">Instagram</a>, <a href="https://www.linkedin.com/company/fachgruppe-ius-der-universit%C3%A4t-basel/about/" data-type="link" data-id="https://www.linkedin.com/company/fachgruppe-ius-der-universit%C3%A4t-basel/about/">LinkedIn</a>) aktiv und gestaltet hin und wieder Posts, um unsere Online-Präsenz aufrechtzuerhalten. Die Veranstaltungen sind nicht mit jenen des Ressorts Sponsoring zu verwechseln: Das Ressort Social Media &amp; Veranstaltungen stellt das jährliche FAQ-Event auf die Beine, organisiert hin und wieder Coffee-Talks, um sich mit den Studierenden auszutauschen und ist die Anlaufstelle für den Freshmen-Day in den Merian-Gärten.</p>



<h2 class="wp-block-heading">Ressort Publications</h2>



<p>Das Ressort Publications ist für die redaktionellen Beiträge der FG Ius verantwortlich. Dazu nutzt es unter anderem die Möglichkeit, sich im <a href="https://ius.unibas.ch/de/iusinhouse/)" data-type="link" data-id="https://ius.unibas.ch/de/iusinhouse/)">ius inhouse</a> auf einer Doppelseite zu fakultätsrelevanten Themen zu äussern. Zudem hält es die Mitarbeitenden der Juristischen Fakultät über den fakultätsinternen Newsletter auf dem Laufenden.</p>



<h2 class="wp-block-heading">Ressort Finanzen</h2>



<p>Das Ressort Finanzen übernimmt alle finanziellen Angelegenheiten der FG Ius. Dazu gehören die Buchhaltung, das Erstellen und Bezahlen von Rechnungen sowie die laufende Pflege der Jahresrechnungen – sowohl intern als auch extern.</p>



<h2 class="wp-block-heading">Als Team</h2>



<p>Auch wenn die FG Ius in verschiedene Ressorts aufgeteilt ist, arbeiten wir im <a href="https://fg-ius.unibas.ch/wordpress/?page_id=862" data-type="page" data-id="862">Vorstand</a> stets als Team zusammen. So ist das Präsidium zwar bei den von der skuba organisierten FG Treffen anwesend und vertritt dort die Interessen der Studierenden nach aussen, wir achten aber darauf, dass der gesamte Vorstand bei wichtigen Anlässen präsent ist. Besonders beim alljährlichen Semesterapéro stemmen wir die Organisation gemeinsam als Team. Möchtest du dich engagieren? Dann findest du <a href="https://fg-ius.unibas.ch/wordpress/?page_id=40" data-type="page" data-id="40">hier</a> alle Infos.</p>



<h2 class="wp-block-heading">Studierendenvertretung in Gremien</h2>



<p>Die folgenden Gremien gehören nicht zur internen Struktur der FG, sondern sind Teil der <a href="https://ius.unibas.ch/de/ueber-uns/organisation" data-type="link" data-id="https://ius.unibas.ch/de/ueber-uns/organisation">Organisation der Fakultät</a>. Für Studierende sind diese Gremien interessant, da sie dort die Möglichkeit haben, mitzuwirken.</p>



<h2 class="wp-block-heading">Kommissionen</h2>



<p>An der Juristischen Fakultät gibt es zahlreiche fakultätsinterne Kommissionen, in die Studierende der Juristischen Fakultät Einsitz nehmen können. Darunter sind die ständigen Kommissionen (wie die CPK) und die ad-hoc Kommissionen – die zur Bearbeitung von konkreten Projekten ins Leben gerufen werden, z.B. zur Neubesetzung einer Ordinariatsstelle – zu unterscheiden. Die FG Ius hat es sich zur Aufgabe gemacht, die Plätze der Studierenden in diesen Kommissionen zu besetzen.</p>



<h2 class="wp-block-heading">Fakultätsversammlung</h2>



<p>Die Fakultätsversammlung ist sozusagen das Parlament der Juristischen Fakultät, also das oberste Organ. Hier werden alle wichtigen Entscheide getroffen. Beispielsweise verfügt sie über Budgethoheit und entscheidet über die fachliche Entwicklung der Fakultät. Auch hier dürfen die Studierenden (Gruppierung V) Einsitz haben: Uns stehen insgesamt vier Plätze zur Verfügung.</p>



<h2 class="wp-block-heading">Fakultätsausschuss</h2>



<p>Im Fakultätsausschuss werden die Geschäfte der Fakultätsversammlung vorberaten. Teilweise werden auch bereits Entscheidungen gefällt. Im Fakultätsausschuss dürfen wir einen Platz besetzen, dies übernimmt grundsätzlich das Präsidium.</p>



<h2 class="wp-block-heading">Fachbereichsversammlungen</h2>



<p>Die Fachbereiche gliedern sich in öffentliches Recht, Privatrecht und Strafrecht und auch hier finden für jeden Bereich entsprechende Fachbereichsversammlungen statt. Darin befinden die jeweiligen Professorinnen und Professoren, Dozierende und Studierende, über die Verteilung der Lehraufträge – kurz: Es wird besprochen, wer welche Lehrveranstaltung übernimmt. Daneben werden auch aktuelle Themen besprochen, die mit dem jeweiligen Fachbereich in Beziehung stehen. Die Sitzungen finden einmal im Semester statt.</p>



<p>Möchtest du in der Fakultätsversammlung oder einer der Fachbereichsversammlungen mitwirken? Voraussetzung ist nur ein Studium an der Juristischen Fakultät der Uni Basel – eine Tätigkeit im Vorstand ist dafür nicht erforderlich. Wir freuen uns auf deine <a href="https://fg-ius.unibas.ch/wordpress/?page_id=17" data-type="page" data-id="17">Kontaktaufnahme</a>!</p>

<p>Aufbau Die Fachgruppe Ius, kurz FG Ius, ist eine öffentlich-rechtliche Körperschaft. Grundsätzlich ist sie die Vertretung aller Ius-Studierenden an der Universität Basel. Alle immatrikulierten Studierenden der Juristischen Fakultät sind automatisch Passivmitglieder. Um die Eingliederung und Mitwirkung innerhalb der Universität Basel zu veranschaulichen, haben wir die Organisation und den Aufbau der FG dargestellt: Fachgruppe Ius Wenn&#8230;</p>
